{"id":3,"date":"2023-04-07T16:26:45","date_gmt":"2023-04-07T14:26:45","guid":{"rendered":"http:\/\/votre-douche-senior.fr\/?page_id=3"},"modified":"2023-07-17T15:13:24","modified_gmt":"2023-07-17T13:13:24","slug":"politique-de-confidentialite","status":"publish","type":"page","link":"https:\/\/votre-douche-senior.fr\/index.php\/politique-de-confidentialite\/","title":{"rendered":"Politique de confidentialit\u00e9"},"content":{"rendered":"\t\t<div data-elementor-type=\"wp-page\" data-elementor-id=\"3\" class=\"elementor elementor-3\">\n\t\t\t\t\t\t<section class=\"elementor-section elementor-top-section elementor-element elementor-element-e2081b1 elementor-section-boxed elementor-section-height-default elementor-section-height-default\" data-id=\"e2081b1\" data-element_type=\"section\" data-e-type=\"section\">\n\t\t\t\t\t\t<div class=\"elementor-container elementor-column-gap-default\">\n\t\t\t\t\t<div class=\"elementor-column elementor-col-100 elementor-top-column elementor-element elementor-element-5a6cbbf\" data-id=\"5a6cbbf\" data-element_type=\"column\" data-e-type=\"column\">\n\t\t\t<div class=\"elementor-widget-wrap elementor-element-populated\">\n\t\t\t\t\t\t<div class=\"elementor-element elementor-element-edbe370 elementor-widget elementor-widget-spacer\" data-id=\"edbe370\" data-element_type=\"widget\" data-e-type=\"widget\" data-widget_type=\"spacer.default\">\n\t\t\t\t<div class=\"elementor-widget-container\">\n\t\t\t\t\t\t\t<div class=\"elementor-spacer\">\n\t\t\t<div class=\"elementor-spacer-inner\"><\/div>\n\t\t<\/div>\n\t\t\t\t\t\t<\/div>\n\t\t\t\t<\/div>\n\t\t\t\t<div class=\"elementor-element elementor-element-289c28c elementor-widget elementor-widget-heading\" data-id=\"289c28c\" data-element_type=\"widget\" data-e-type=\"widget\" data-widget_type=\"heading.default\">\n\t\t\t\t<div class=\"elementor-widget-container\">\n\t\t\t\t\t<h2 class=\"elementor-heading-title elementor-size-default\">Politique de confidentialit\u00e9<\/h2>\t\t\t\t<\/div>\n\t\t\t\t<\/div>\n\t\t\t\t<div class=\"elementor-element elementor-element-6ec3979 elementor-widget elementor-widget-spacer\" data-id=\"6ec3979\" data-element_type=\"widget\" data-e-type=\"widget\" data-widget_type=\"spacer.default\">\n\t\t\t\t<div class=\"elementor-widget-container\">\n\t\t\t\t\t\t\t<div class=\"elementor-spacer\">\n\t\t\t<div class=\"elementor-spacer-inner\"><\/div>\n\t\t<\/div>\n\t\t\t\t\t\t<\/div>\n\t\t\t\t<\/div>\n\t\t\t\t\t<\/div>\n\t\t<\/div>\n\t\t\t\t\t<\/div>\n\t\t<\/section>\n\t\t\t\t<section class=\"elementor-section elementor-top-section elementor-element elementor-element-4bd3f4b elementor-section-boxed elementor-section-height-default elementor-section-height-default\" data-id=\"4bd3f4b\" data-element_type=\"section\" data-e-type=\"section\">\n\t\t\t\t\t\t<div class=\"elementor-container elementor-column-gap-default\">\n\t\t\t\t\t<div class=\"elementor-column elementor-col-100 elementor-top-column elementor-element elementor-element-e48f4e8\" data-id=\"e48f4e8\" data-element_type=\"column\" data-e-type=\"column\">\n\t\t\t<div class=\"elementor-widget-wrap elementor-element-populated\">\n\t\t\t\t\t\t<div class=\"elementor-element elementor-element-5f4ed5f elementor-widget elementor-widget-text-editor\" data-id=\"5f4ed5f\" data-element_type=\"widget\" data-e-type=\"widget\" data-widget_type=\"text-editor.default\">\n\t\t\t\t<div class=\"elementor-widget-container\">\n\t\t\t\t\t\t\t\t\t<p>Le respect de la vie priv\u00e9e et de la protection des donn\u00e9es \u00e0 caract\u00e8re personnel constitue un facteur de confiance, valeur \u00e0 laquelle tient particuli\u00e8rement ProspR au regard de l\u2019importance des donn\u00e9es confi\u00e9es.<br>La pr\u00e9sente politique de protection des donn\u00e9es \u00e0 caract\u00e8re personnel t\u00e9moigne des engagements mis en \u0153uvre par ProspR dans le cadre de ses activit\u00e9s quotidiennes pour une utilisation responsable des donn\u00e9es personnelles \u00e0 laquelle elle est tenue.<br>Cette politique, accessible \u00e0 tous sur le site internet de ProspR, est actualis\u00e9e r\u00e9guli\u00e8rement pour prendre en compte les \u00e9volutions l\u00e9gislatives et r\u00e9glementaires et tout changement dans l\u2019organisation de la soci\u00e9t\u00e9.<\/p>\n<p><!-- \/wp:paragraph --><!-- wp:heading --><\/p>\n<h2>Principes applicables \u00e0 la protection des donn\u00e9es personnelles<\/h2>\n<p><!-- \/wp:heading --><!-- wp:paragraph --><\/p>\n<p>ProspR traite les donn\u00e9es personnelles dans le respect des lois et r\u00e9glementations en vigueur, notamment la Loi Informatique et Libert\u00e9s modifi\u00e9e. Soucieuse du respect de la vie priv\u00e9e, ProspR est engag\u00e9e dans une d\u00e9marche conformit\u00e9 avec le R\u00e8glement Europ\u00e9en relatif \u00e0 la Protection des Donn\u00e9es personnelles (RGPD).<br>Des Politiques de Gouvernance des Donn\u00e9es Personnelles sont mises en \u0153uvre en interne au c\u0153ur de notre structure et le respect de leurs dispositions est contr\u00f4l\u00e9.<\/p>\n<p><!-- \/wp:paragraph --><!-- wp:heading {\"level\":3} --><\/p>\n<h3>1- Finalit\u00e9 d\u00e9termin\u00e9e, explicite et l\u00e9gitime du traitement<\/h3>\n<p><!-- \/wp:heading --><!-- wp:paragraph --><\/p>\n<p>Les donn\u00e9es personnelles sont collect\u00e9es pour des objectifs pr\u00e9cis (finalit\u00e9s), port\u00e9s \u00e0 la connaissance des personnes concern\u00e9es. Ces donn\u00e9es ne peuvent \u00eatre utilis\u00e9es ult\u00e9rieurement de mani\u00e8re incompatible avec ces finalit\u00e9s. Ces donn\u00e9es sont collect\u00e9es loyalement ; aucune collecte n\u2019est effectu\u00e9e \u00e0 l\u2019insu des personnes et sans qu\u2019elles en soient inform\u00e9es.<br>La collecte des donn\u00e9es personnelles a notamment pour but :<br>\u2022 Le traitement des sollicitations pr\u00e9sent\u00e9es par les utilisateurs dans le strict respect de notre objet statutaire.<\/p>\n<p><!-- \/wp:paragraph --><!-- wp:heading {\"level\":3} --><\/p>\n<h3>2- Proportion et pertinence des donn\u00e9es collect\u00e9es<\/h3>\n<p><!-- \/wp:heading --><!-- wp:paragraph --><\/p>\n<p>Les donn\u00e9es personnelles collect\u00e9es sont strictement n\u00e9cessaires \u00e0 l\u2019objectif poursuivi par la collecte. ProspR s\u2019attache \u00e0 minimiser les donn\u00e9es collect\u00e9es, \u00e0 prendre toutes les mesures de pr\u00e9caution n\u00e9cessaires afin de prot\u00e9ger ces donn\u00e9es, d\u2019en pr\u00e9server l\u2019int\u00e9grit\u00e9 et notamment d\u2019emp\u00eacher qu\u2019elles ne soient d\u00e9form\u00e9es, endommag\u00e9es ou communiqu\u00e9es \u00e0 des tiers non autoris\u00e9s.<br>Les donn\u00e9es personnelles collect\u00e9es ne peuvent \u00eatre consult\u00e9es que par :<\/p>\n<p><!-- \/wp:paragraph --><!-- wp:paragraph --><\/p>\n<p>\u2022 les personnes charg\u00e9es par les statuts de la gestion de l&rsquo;entreprise,<br>\u2022 les services de l&rsquo;entreprise charg\u00e9s de l\u2019administration.<\/p>\n<p><!-- \/wp:paragraph --><!-- wp:heading {\"level\":3} --><\/p>\n<h3>3- Dur\u00e9e de conservation limit\u00e9e des donn\u00e9es \u00e0 caract\u00e8re personnel<\/h3>\n<p><!-- \/wp:heading --><!-- wp:paragraph --><\/p>\n<p>Les donn\u00e9es \u00e0 caract\u00e8re personnel sont conserv\u00e9es pendant une dur\u00e9e limit\u00e9e qui n\u2019exc\u00e8de pas la dur\u00e9e n\u00e9cessaire aux finalit\u00e9s de collecte.<br>Nous supprimons de nos syst\u00e8mes les donn\u00e9es \u00e0 caract\u00e8re personnel lorsque l&rsquo;\u00e9change a pris fin, sauf accord expr\u00e8s de leur part.<\/p>\n<p><!-- \/wp:paragraph --><!-- wp:heading {\"level\":3} --><\/p>\n<h3>4- Confidentialit\u00e9 \/ S\u00e9curit\u00e9 des donn\u00e9es<\/h3>\n<p><!-- \/wp:heading --><!-- wp:paragraph --><\/p>\n<p>Une charte informatique est mise en \u0153uvre, adapt\u00e9e \u00e0 la nature des donn\u00e9es trait\u00e9es et aux activit\u00e9s de l\u2019entreprise. Des mesures de s\u00e9curit\u00e9 physiques, logistiques et organisationnelles appropri\u00e9es sont pr\u00e9vues pour garantir la confidentialit\u00e9 des donn\u00e9es, et notamment \u00e9viter tout acc\u00e8s non autoris\u00e9.<br>L\u2019entreprise exige \u00e9galement de tout sous-traitant qu\u2019il pr\u00e9sente des garanties appropri\u00e9es pour assurer la s\u00e9curit\u00e9 et la confidentialit\u00e9 des donn\u00e9es personnelles. Des donn\u00e9es \u00e0 caract\u00e8re personnel peuvent \u00e9galement faire l\u2019objet de transferts vers des pays situ\u00e9s dans l\u2019Union Europ\u00e9enne. Si tel est le cas, des mesures sp\u00e9cifiques sont prises pour encadrer ces transferts, afin qu\u2019ils se d\u00e9roulent en toute s\u00e9curit\u00e9.<\/p>\n<p><!-- \/wp:paragraph --><!-- wp:heading {\"level\":3} --><\/p>\n<h3>5- Droits des personnes<\/h3>\n<p><!-- \/wp:heading --><!-- wp:paragraph --><\/p>\n<p>Conform\u00e9ment \u00e0 la loi Informatique et Libert\u00e9s modifi\u00e9e, les personnes disposent de plusieurs droits concernant leurs donn\u00e9es personnelles qu\u2019elles peuvent exercer, \u00e0 savoir :<\/p>\n<p><!-- \/wp:paragraph --><!-- wp:paragraph --><\/p>\n<p>\u2022 Droit \u00e0 l\u2019information,<br>\u2022 Droit d\u2019acc\u00e8s,<br>\u2022 Droit de rectification,<br>\u2022 Droit \u00e0 l\u2019effacement des donn\u00e9es,<br>\u2022 Droit \u00e0 la limitation du traitement des donn\u00e9es,<br>\u2022 Droit d\u2019opposition,<br>\u2022 Droit \u00e0 la portabilit\u00e9 des donn\u00e9es,<br>\u2022 Droit \u00e0 ne pas faire l\u2019objet d\u2019une d\u00e9cision individuelle automatis\u00e9e.<\/p>\n<p><!-- \/wp:paragraph --><!-- wp:paragraph --><\/p>\n<p>Nous mettons tous les moyens n\u00e9cessaires \u00e0 garantir l\u2019effectivit\u00e9 des droits des personnes sur leurs donn\u00e9es personnelles.<br>Concernant le droit de retrait du consentement : Dans le cas o\u00f9 nous avons obtenu le consentement de notre adh\u00e9rent au traitement de ses donn\u00e9es \u00e0 caract\u00e8re personnel pour certaines activit\u00e9s (notamment pour tenir son conseiller en gestion de patrimoine inform\u00e9 des difficult\u00e9s rencontr\u00e9es avec son investissement immobilier), il peut retirer son consentement \u00e0 tout moment.<br>Concernant les demandes d\u2019Acc\u00e8s des personnes concern\u00e9es : Vous avez le droit \u00e0 tout moment de nous demander de confirmer les informations que nous d\u00e9tenons vous concernant, et de nous demander de les modifier, de les mettre \u00e0 jour ou de les supprimer. Nous pourrons alors r\u00e9pondre \u00e0 votre demande.<br>Concernant le droit de portabilit\u00e9 des donn\u00e9es : Si vous le souhaitez, vous avez le droit de transf\u00e9rer les donn\u00e9es que nous d\u00e9tenons vous concernant vers un autre responsable du traitement. Nous vous aiderons \u00e0 effectuer ce transfert \u2013 soit en transf\u00e9rant vos donn\u00e9es directement pour vous, soit en vous remettant une copie dans un format lisible par la machine fr\u00e9quemment utilis\u00e9.<br>Concernant le droit d\u2019introduire une r\u00e9clamation aupr\u00e8s d\u2019une autorit\u00e9 de contr\u00f4le : Vous avez le droit d\u2019introduire une r\u00e9clamation aupr\u00e8s de La Commission Nationale de l\u2019Informatique et des Libert\u00e9s. Vous pouvez la contacter de la mani\u00e8re suivante :<\/p>\n<p><!-- \/wp:paragraph --><!-- wp:paragraph --><\/p>\n<p>\u2022 Par t\u00e9l\u00e9phone : (+33) 01 53 73 22 22<br>\u2022 Par courrier : 3 Place de Fontenoy, TSA 80715, 75334, Paris, CEDEX 07<br>\u2022 Fax: 01 53 73 22 00<\/p>\n<p><!-- \/wp:paragraph --><!-- wp:heading --><\/p>\n<h2>Politique d\u2019utilisation des cookies<\/h2>\n<p><!-- \/wp:heading --><!-- wp:paragraph --><\/p>\n<p>La navigation sur le site \u00ab www.votre-douche-senior.fr \u00bb est susceptible de provoquer l\u2019installation de cookie(s) sur l\u2019ordinateur de l\u2019utilisateur.<br>Un cookie est un fichier de petite taille (fichier texte qui contient, en g\u00e9n\u00e9ral, un num\u00e9ro d\u2019identification ou un code), qui ne permet pas l\u2019identification de l\u2019utilisateur, mais qui enregistre des informations relatives \u00e0 la navigation d\u2019un ordinateur sur un site (les pages consult\u00e9es, la date et l\u2019heure de la consultation, etc.).<br>La grande majorit\u00e9 des cookies et technologies de tra\u00e7age r\u00e9cup\u00e8rent des informations dites \u00ab techniques \u00bb (adresse IP, identifiant anonyme, configuration mat\u00e9rielle et logicielle, etc.). Ces informations et notamment l\u2019adresse IP, bien qu\u2019elles puissent \u00eatre consid\u00e9r\u00e9es comme personnelles, ne nous permettent pas d\u2019identifier nominativement l\u2019internaute.<br>L\u2019utilisateur peut toutefois configurer son ordinateur pour refuser l\u2019installation des cookies en se reportant \u00e0 la rubrique d\u2019aide de son navigateur. L\u2019utilisateur est avis\u00e9 que le refus d\u2019installation d\u2019un cookie peut entra\u00eener l\u2019impossibilit\u00e9 d\u2019acc\u00e9der \u00e0 certains services.<br><\/p>\t\t\t\t\t\t\t\t<\/div>\n\t\t\t\t<\/div>\n\t\t\t\t\t<\/div>\n\t\t<\/div>\n\t\t\t\t\t<\/div>\n\t\t<\/section>\n\t\t\t\t<\/div>\n\t\t","protected":false},"excerpt":{"rendered":"<p>Politique de confidentialit\u00e9 Le respect de la vie priv\u00e9e et de la protection des donn\u00e9es \u00e0 caract\u00e8re personnel constitue un facteur de confiance, valeur \u00e0 laquelle tient particuli\u00e8rement ProspR au regard de l\u2019importance des donn\u00e9es confi\u00e9es.La pr\u00e9sente politique de protection des donn\u00e9es \u00e0 caract\u00e8re personnel t\u00e9moigne des engagements mis en \u0153uvre par ProspR dans le &hellip;<\/p>\n<p class=\"read-more\"> <a class=\"\" href=\"https:\/\/votre-douche-senior.fr\/index.php\/politique-de-confidentialite\/\"> <span class=\"screen-reader-text\">Politique de confidentialit\u00e9<\/span> Lire la suite\u00a0\u00bb<\/a><\/p>\n","protected":false},"author":1,"featured_media":0,"parent":0,"menu_order":0,"comment_status":"closed","ping_status":"open","template":"","meta":{"_eb_attr":"","site-sidebar-layout":"no-sidebar","site-content-layout":"page-builder","ast-global-header-display":"","ast-main-header-display":"","ast-hfb-above-header-display":"","ast-hfb-below-header-display":"","ast-hfb-mobile-header-display":"","site-post-title":"disabled","ast-breadcrumbs-content":"","ast-featured-img":"disabled","footer-sml-layout":"","theme-transparent-header-meta":"","adv-header-id-meta":"","stick-header-meta":"","header-above-stick-meta":"","header-main-stick-meta":"","header-below-stick-meta":"","footnotes":""},"class_list":["post-3","page","type-page","status-publish","hentry"],"yoast_head":"<!-- This site is optimized with the Yoast SEO plugin v27.5 - https:\/\/yoast.com\/product\/yoast-seo-wordpress\/ -->\n<title>Politique de confidentialit\u00e9 - Votre douche s\u00e9nior<\/title>\n<meta name=\"robots\" content=\"index, follow, max-snippet:-1, max-image-preview:large, max-video-preview:-1\" \/>\n<link rel=\"canonical\" href=\"https:\/\/votre-douche-senior.fr\/index.php\/politique-de-confidentialite\/\" \/>\n<meta property=\"og:locale\" content=\"fr_FR\" \/>\n<meta property=\"og:type\" content=\"article\" \/>\n<meta property=\"og:title\" content=\"Politique de confidentialit\u00e9 - Votre douche s\u00e9nior\" \/>\n<meta property=\"og:description\" content=\"Politique de confidentialit\u00e9 Le respect de la vie priv\u00e9e et de la protection des donn\u00e9es \u00e0 caract\u00e8re personnel constitue un facteur de confiance, valeur \u00e0 laquelle tient particuli\u00e8rement ProspR au regard de l\u2019importance des donn\u00e9es confi\u00e9es.La pr\u00e9sente politique de protection des donn\u00e9es \u00e0 caract\u00e8re personnel t\u00e9moigne des engagements mis en \u0153uvre par ProspR dans le &hellip; Politique de confidentialit\u00e9 Lire la suite\u00a0\u00bb\" \/>\n<meta property=\"og:url\" content=\"https:\/\/votre-douche-senior.fr\/index.php\/politique-de-confidentialite\/\" \/>\n<meta property=\"og:site_name\" content=\"Votre douche s\u00e9nior\" \/>\n<meta property=\"article:modified_time\" content=\"2023-07-17T13:13:24+00:00\" \/>\n<meta name=\"twitter:card\" content=\"summary_large_image\" \/>\n<meta name=\"twitter:label1\" content=\"Dur\u00e9e de lecture estim\u00e9e\" \/>\n\t<meta name=\"twitter:data1\" content=\"6 minutes\" \/>\n<script type=\"application\/ld+json\" class=\"yoast-schema-graph\">{\"@context\":\"https:\\\/\\\/schema.org\",\"@graph\":[{\"@type\":\"WebPage\",\"@id\":\"https:\\\/\\\/votre-douche-senior.fr\\\/index.php\\\/politique-de-confidentialite\\\/\",\"url\":\"https:\\\/\\\/votre-douche-senior.fr\\\/index.php\\\/politique-de-confidentialite\\\/\",\"name\":\"Politique de confidentialit\u00e9 - Votre douche s\u00e9nior\",\"isPartOf\":{\"@id\":\"https:\\\/\\\/votre-douche-senior.fr\\\/#website\"},\"datePublished\":\"2023-04-07T14:26:45+00:00\",\"dateModified\":\"2023-07-17T13:13:24+00:00\",\"breadcrumb\":{\"@id\":\"https:\\\/\\\/votre-douche-senior.fr\\\/index.php\\\/politique-de-confidentialite\\\/#breadcrumb\"},\"inLanguage\":\"fr-FR\",\"potentialAction\":[{\"@type\":\"ReadAction\",\"target\":[\"https:\\\/\\\/votre-douche-senior.fr\\\/index.php\\\/politique-de-confidentialite\\\/\"]}]},{\"@type\":\"BreadcrumbList\",\"@id\":\"https:\\\/\\\/votre-douche-senior.fr\\\/index.php\\\/politique-de-confidentialite\\\/#breadcrumb\",\"itemListElement\":[{\"@type\":\"ListItem\",\"position\":1,\"name\":\"Accueil\",\"item\":\"https:\\\/\\\/votre-douche-senior.fr\\\/\"},{\"@type\":\"ListItem\",\"position\":2,\"name\":\"Politique de confidentialit\u00e9\"}]},{\"@type\":\"WebSite\",\"@id\":\"https:\\\/\\\/votre-douche-senior.fr\\\/#website\",\"url\":\"https:\\\/\\\/votre-douche-senior.fr\\\/\",\"name\":\"Votre douche s\u00e9nior\",\"description\":\"Le pro de la salle de bain\",\"publisher\":{\"@id\":\"https:\\\/\\\/votre-douche-senior.fr\\\/#organization\"},\"potentialAction\":[{\"@type\":\"SearchAction\",\"target\":{\"@type\":\"EntryPoint\",\"urlTemplate\":\"https:\\\/\\\/votre-douche-senior.fr\\\/?s={search_term_string}\"},\"query-input\":{\"@type\":\"PropertyValueSpecification\",\"valueRequired\":true,\"valueName\":\"search_term_string\"}}],\"inLanguage\":\"fr-FR\"},{\"@type\":\"Organization\",\"@id\":\"https:\\\/\\\/votre-douche-senior.fr\\\/#organization\",\"name\":\"Votre douche s\u00e9nior\",\"url\":\"https:\\\/\\\/votre-douche-senior.fr\\\/\",\"logo\":{\"@type\":\"ImageObject\",\"inLanguage\":\"fr-FR\",\"@id\":\"https:\\\/\\\/votre-douche-senior.fr\\\/#\\\/schema\\\/logo\\\/image\\\/\",\"url\":\"http:\\\/\\\/votre-douche-senior.fr\\\/wp-content\\\/uploads\\\/2023\\\/05\\\/Capture_d_ecran_2023-05-05_112034-removebg-preview-1.png\",\"contentUrl\":\"http:\\\/\\\/votre-douche-senior.fr\\\/wp-content\\\/uploads\\\/2023\\\/05\\\/Capture_d_ecran_2023-05-05_112034-removebg-preview-1.png\",\"width\":896,\"height\":278,\"caption\":\"Votre douche s\u00e9nior\"},\"image\":{\"@id\":\"https:\\\/\\\/votre-douche-senior.fr\\\/#\\\/schema\\\/logo\\\/image\\\/\"}}]}<\/script>\n<!-- \/ Yoast SEO plugin. -->","yoast_head_json":{"title":"Politique de confidentialit\u00e9 - Votre douche s\u00e9nior","robots":{"index":"index","follow":"follow","max-snippet":"max-snippet:-1","max-image-preview":"max-image-preview:large","max-video-preview":"max-video-preview:-1"},"canonical":"https:\/\/votre-douche-senior.fr\/index.php\/politique-de-confidentialite\/","og_locale":"fr_FR","og_type":"article","og_title":"Politique de confidentialit\u00e9 - Votre douche s\u00e9nior","og_description":"Politique de confidentialit\u00e9 Le respect de la vie priv\u00e9e et de la protection des donn\u00e9es \u00e0 caract\u00e8re personnel constitue un facteur de confiance, valeur \u00e0 laquelle tient particuli\u00e8rement ProspR au regard de l\u2019importance des donn\u00e9es confi\u00e9es.La pr\u00e9sente politique de protection des donn\u00e9es \u00e0 caract\u00e8re personnel t\u00e9moigne des engagements mis en \u0153uvre par ProspR dans le &hellip; Politique de confidentialit\u00e9 Lire la suite\u00a0\u00bb","og_url":"https:\/\/votre-douche-senior.fr\/index.php\/politique-de-confidentialite\/","og_site_name":"Votre douche s\u00e9nior","article_modified_time":"2023-07-17T13:13:24+00:00","twitter_card":"summary_large_image","twitter_misc":{"Dur\u00e9e de lecture estim\u00e9e":"6 minutes"},"schema":{"@context":"https:\/\/schema.org","@graph":[{"@type":"WebPage","@id":"https:\/\/votre-douche-senior.fr\/index.php\/politique-de-confidentialite\/","url":"https:\/\/votre-douche-senior.fr\/index.php\/politique-de-confidentialite\/","name":"Politique de confidentialit\u00e9 - Votre douche s\u00e9nior","isPartOf":{"@id":"https:\/\/votre-douche-senior.fr\/#website"},"datePublished":"2023-04-07T14:26:45+00:00","dateModified":"2023-07-17T13:13:24+00:00","breadcrumb":{"@id":"https:\/\/votre-douche-senior.fr\/index.php\/politique-de-confidentialite\/#breadcrumb"},"inLanguage":"fr-FR","potentialAction":[{"@type":"ReadAction","target":["https:\/\/votre-douche-senior.fr\/index.php\/politique-de-confidentialite\/"]}]},{"@type":"BreadcrumbList","@id":"https:\/\/votre-douche-senior.fr\/index.php\/politique-de-confidentialite\/#breadcrumb","itemListElement":[{"@type":"ListItem","position":1,"name":"Accueil","item":"https:\/\/votre-douche-senior.fr\/"},{"@type":"ListItem","position":2,"name":"Politique de confidentialit\u00e9"}]},{"@type":"WebSite","@id":"https:\/\/votre-douche-senior.fr\/#website","url":"https:\/\/votre-douche-senior.fr\/","name":"Votre douche s\u00e9nior","description":"Le pro de la salle de bain","publisher":{"@id":"https:\/\/votre-douche-senior.fr\/#organization"},"potentialAction":[{"@type":"SearchAction","target":{"@type":"EntryPoint","urlTemplate":"https:\/\/votre-douche-senior.fr\/?s={search_term_string}"},"query-input":{"@type":"PropertyValueSpecification","valueRequired":true,"valueName":"search_term_string"}}],"inLanguage":"fr-FR"},{"@type":"Organization","@id":"https:\/\/votre-douche-senior.fr\/#organization","name":"Votre douche s\u00e9nior","url":"https:\/\/votre-douche-senior.fr\/","logo":{"@type":"ImageObject","inLanguage":"fr-FR","@id":"https:\/\/votre-douche-senior.fr\/#\/schema\/logo\/image\/","url":"http:\/\/votre-douche-senior.fr\/wp-content\/uploads\/2023\/05\/Capture_d_ecran_2023-05-05_112034-removebg-preview-1.png","contentUrl":"http:\/\/votre-douche-senior.fr\/wp-content\/uploads\/2023\/05\/Capture_d_ecran_2023-05-05_112034-removebg-preview-1.png","width":896,"height":278,"caption":"Votre douche s\u00e9nior"},"image":{"@id":"https:\/\/votre-douche-senior.fr\/#\/schema\/logo\/image\/"}}]}},"_links":{"self":[{"href":"https:\/\/votre-douche-senior.fr\/index.php\/wp-json\/wp\/v2\/pages\/3","targetHints":{"allow":["GET"]}}],"collection":[{"href":"https:\/\/votre-douche-senior.fr\/index.php\/wp-json\/wp\/v2\/pages"}],"about":[{"href":"https:\/\/votre-douche-senior.fr\/index.php\/wp-json\/wp\/v2\/types\/page"}],"author":[{"embeddable":true,"href":"https:\/\/votre-douche-senior.fr\/index.php\/wp-json\/wp\/v2\/users\/1"}],"replies":[{"embeddable":true,"href":"https:\/\/votre-douche-senior.fr\/index.php\/wp-json\/wp\/v2\/comments?post=3"}],"version-history":[{"count":6,"href":"https:\/\/votre-douche-senior.fr\/index.php\/wp-json\/wp\/v2\/pages\/3\/revisions"}],"predecessor-version":[{"id":1274,"href":"https:\/\/votre-douche-senior.fr\/index.php\/wp-json\/wp\/v2\/pages\/3\/revisions\/1274"}],"wp:attachment":[{"href":"https:\/\/votre-douche-senior.fr\/index.php\/wp-json\/wp\/v2\/media?parent=3"}],"curies":[{"name":"wp","href":"https:\/\/api.w.org\/{rel}","templated":true}]}}